{"id":2222,"date":"2025-05-10T11:11:37","date_gmt":"2025-05-10T14:11:37","guid":{"rendered":"https:\/\/juanllamosas.com\/demo2\/?page_id=2222"},"modified":"2025-07-28T21:11:55","modified_gmt":"2025-07-29T00:11:55","slug":"cursos","status":"publish","type":"page","link":"https:\/\/juanllamosas.com\/demo2\/cursos\/","title":{"rendered":"Cursos Online"},"content":{"rendered":"\n<div class=\"wp-block-uagb-container uagb-block-2861693e alignfull uagb-is-root-container\"><div class=\"uagb-container-inner-blocks-wrap\">\n<div class=\"wp-block-uagb-info-box uagb-block-712a4921 uagb-infobox__content-wrap  uagb-infobox-icon-above-title uagb-infobox-image-valign-top\"><div class=\"uagb-ifb-content\"><div class=\"uagb-ifb-title-wrap\"><h3 class=\"uagb-ifb-title\">Cursos online<\/h3><\/div><div class=\"uagb-ifb-separator\"><\/div><\/div><\/div>\n<\/div><\/div>\n\n\n\n<div class=\"wp-block-uagb-container uagb-block-2754b7ac alignfull uagb-is-root-container\"><div class=\"uagb-container-inner-blocks-wrap\">\n<div class=\"wp-block-uagb-container uagb-block-5e54e2af alignfull uagb-is-root-container\"><div class=\"uagb-container-inner-blocks-wrap\">\n<div class=\"wp-block-uagb-container uagb-block-11348a89\">\n<figure class=\"wp-block-image size-full has-custom-border\"><img loading=\"lazy\" decoding=\"async\" width=\"600\" height=\"400\" src=\"https:\/\/juanllamosas.com\/demo2\/wp-content\/uploads\/2025\/05\/curso1.jpg\" alt=\"\" class=\"wp-image-2328\" style=\"border-radius:6px\" srcset=\"https:\/\/juanllamosas.com\/demo2\/wp-content\/uploads\/2025\/05\/curso1.jpg 600w, https:\/\/juanllamosas.com\/demo2\/wp-content\/uploads\/2025\/05\/curso1-360x240.jpg 360w, https:\/\/juanllamosas.com\/demo2\/wp-content\/uploads\/2025\/05\/curso1-420x280.jpg 420w\" sizes=\"auto, (max-width: 600px) 100vw, 600px\" \/><\/figure>\n\n\n\n<div class=\"wp-block-uagb-info-box uagb-block-a956fd3b uagb-infobox__content-wrap  uagb-infobox-icon-above-title uagb-infobox-image-valign-top\"><div class=\"uagb-ifb-content\"><div class=\"uagb-ifb-title-wrap\"><h2 class=\"uagb-ifb-title\">Astrolog\u00eda Mitol\u00f3gica &#8211; Nivel B\u00e1sico<\/h2><\/div><p class=\"uagb-ifb-desc\">Un acercamiento al mensaje de las estrellas seg\u00fan los tr\u00e1nsitos estelares.<\/p><div class=\"uagb-ifb-button-wrapper wp-block-button\"><a href=\"https:\/\/juanllamosas.com\/demo2\/consultas#procesos\" class=\"uagb-infobox-cta-link wp-block-button__link\" target=\"_self\" rel=\"noopener noreferrer\" onclick=\"return true;\"><span class=\"uagb-inline-editing\">Adquirir<\/span><\/a><\/div><\/div><\/div>\n<\/div>\n\n\n\n<div class=\"wp-block-uagb-container uagb-block-95bc7419\">\n<figure class=\"wp-block-image size-full has-custom-border\"><img loading=\"lazy\" decoding=\"async\" width=\"600\" height=\"400\" src=\"https:\/\/juanllamosas.com\/demo2\/wp-content\/uploads\/2025\/05\/curso1.jpg\" alt=\"\" class=\"wp-image-2328\" style=\"border-radius:6px\" srcset=\"https:\/\/juanllamosas.com\/demo2\/wp-content\/uploads\/2025\/05\/curso1.jpg 600w, https:\/\/juanllamosas.com\/demo2\/wp-content\/uploads\/2025\/05\/curso1-360x240.jpg 360w, https:\/\/juanllamosas.com\/demo2\/wp-content\/uploads\/2025\/05\/curso1-420x280.jpg 420w\" sizes=\"auto, (max-width: 600px) 100vw, 600px\" \/><\/figure>\n\n\n\n<div class=\"wp-block-uagb-info-box uagb-block-acc77c09 uagb-infobox__content-wrap  uagb-infobox-icon-above-title uagb-infobox-image-valign-top\"><div class=\"uagb-ifb-content\"><div class=\"uagb-ifb-title-wrap\"><h2 class=\"uagb-ifb-title\">Astrolog\u00eda Mitol\u00f3gica &#8211; Nivel B\u00e1sico<\/h2><\/div><p class=\"uagb-ifb-desc\">Un acercamiento al mensaje de las estrellas seg\u00fan los tr\u00e1nsitos estelares.<\/p><div class=\"uagb-ifb-button-wrapper wp-block-button\"><a href=\"https:\/\/juanllamosas.com\/demo2\/consultas#procesos\" class=\"uagb-infobox-cta-link wp-block-button__link\" target=\"_self\" rel=\"noopener noreferrer\" onclick=\"return true;\"><span class=\"uagb-inline-editing\">Adquirir<\/span><\/a><\/div><\/div><\/div>\n<\/div>\n\n\n\n<div class=\"wp-block-uagb-container uagb-block-1a803374\">\n<figure class=\"wp-block-image size-full has-custom-border\"><img loading=\"lazy\" decoding=\"async\" width=\"600\" height=\"400\" src=\"https:\/\/juanllamosas.com\/demo2\/wp-content\/uploads\/2025\/05\/curso1.jpg\" alt=\"\" class=\"wp-image-2328\" style=\"border-radius:6px\" srcset=\"https:\/\/juanllamosas.com\/demo2\/wp-content\/uploads\/2025\/05\/curso1.jpg 600w, https:\/\/juanllamosas.com\/demo2\/wp-content\/uploads\/2025\/05\/curso1-360x240.jpg 360w, https:\/\/juanllamosas.com\/demo2\/wp-content\/uploads\/2025\/05\/curso1-420x280.jpg 420w\" sizes=\"auto, (max-width: 600px) 100vw, 600px\" \/><\/figure>\n\n\n\n<div class=\"wp-block-uagb-info-box uagb-block-f06eabfd uagb-infobox__content-wrap  uagb-infobox-icon-above-title uagb-infobox-image-valign-top\"><div class=\"uagb-ifb-content\"><div class=\"uagb-ifb-title-wrap\"><h2 class=\"uagb-ifb-title\">Astrolog\u00eda Mitol\u00f3gica &#8211; Nivel B\u00e1sico<\/h2><\/div><p class=\"uagb-ifb-desc\">Un acercamiento al mensaje de las estrellas seg\u00fan los tr\u00e1nsitos estelares.<\/p><div class=\"uagb-ifb-button-wrapper wp-block-button\"><a href=\"https:\/\/juanllamosas.com\/demo2\/consultas#procesos\" class=\"uagb-infobox-cta-link wp-block-button__link\" target=\"_self\" rel=\"noopener noreferrer\" onclick=\"return true;\"><span class=\"uagb-inline-editing\">Adquirir<\/span><\/a><\/div><\/div><\/div>\n<\/div>\n<\/div><\/div>\n\n\n\n<div class=\"wp-block-uagb-container uagb-block-9aa6b8fa alignfull uagb-is-root-container\"><div class=\"uagb-container-inner-blocks-wrap\">\n<div class=\"wp-block-uagb-container uagb-block-399e31ae\">\n<figure class=\"wp-block-image size-full has-custom-border\"><img loading=\"lazy\" decoding=\"async\" width=\"600\" height=\"400\" src=\"https:\/\/juanllamosas.com\/demo2\/wp-content\/uploads\/2025\/05\/curso1.jpg\" alt=\"\" class=\"wp-image-2328\" style=\"border-radius:6px\" srcset=\"https:\/\/juanllamosas.com\/demo2\/wp-content\/uploads\/2025\/05\/curso1.jpg 600w, https:\/\/juanllamosas.com\/demo2\/wp-content\/uploads\/2025\/05\/curso1-360x240.jpg 360w, https:\/\/juanllamosas.com\/demo2\/wp-content\/uploads\/2025\/05\/curso1-420x280.jpg 420w\" sizes=\"auto, (max-width: 600px) 100vw, 600px\" \/><\/figure>\n\n\n\n<div class=\"wp-block-uagb-info-box uagb-block-aea00677 uagb-infobox__content-wrap  uagb-infobox-icon-above-title uagb-infobox-image-valign-top\"><div class=\"uagb-ifb-content\"><div class=\"uagb-ifb-title-wrap\"><h2 class=\"uagb-ifb-title\">Astrolog\u00eda Mitol\u00f3gica &#8211; Nivel B\u00e1sico<\/h2><\/div><p class=\"uagb-ifb-desc\">Un acercamiento al mensaje de las estrellas seg\u00fan los tr\u00e1nsitos estelares.<\/p><div class=\"uagb-ifb-button-wrapper wp-block-button\"><a href=\"https:\/\/juanllamosas.com\/demo2\/consultas#procesos\" class=\"uagb-infobox-cta-link wp-block-button__link\" target=\"_self\" rel=\"noopener noreferrer\" onclick=\"return true;\"><span class=\"uagb-inline-editing\">Adquirir<\/span><\/a><\/div><\/div><\/div>\n<\/div>\n\n\n\n<div class=\"wp-block-uagb-container uagb-block-b6c1d5d1\">\n<figure class=\"wp-block-image size-full has-custom-border\"><img loading=\"lazy\" decoding=\"async\" width=\"600\" height=\"400\" src=\"https:\/\/juanllamosas.com\/demo2\/wp-content\/uploads\/2025\/05\/curso1.jpg\" alt=\"\" class=\"wp-image-2328\" style=\"border-radius:6px\" srcset=\"https:\/\/juanllamosas.com\/demo2\/wp-content\/uploads\/2025\/05\/curso1.jpg 600w, https:\/\/juanllamosas.com\/demo2\/wp-content\/uploads\/2025\/05\/curso1-360x240.jpg 360w, https:\/\/juanllamosas.com\/demo2\/wp-content\/uploads\/2025\/05\/curso1-420x280.jpg 420w\" sizes=\"auto, (max-width: 600px) 100vw, 600px\" \/><\/figure>\n\n\n\n<div class=\"wp-block-uagb-info-box uagb-block-a0355f93 uagb-infobox__content-wrap  uagb-infobox-icon-above-title uagb-infobox-image-valign-top\"><div class=\"uagb-ifb-content\"><div class=\"uagb-ifb-title-wrap\"><h2 class=\"uagb-ifb-title\">Astrolog\u00eda Mitol\u00f3gica &#8211; Nivel B\u00e1sico<\/h2><\/div><p class=\"uagb-ifb-desc\">Un acercamiento al mensaje de las estrellas seg\u00fan los tr\u00e1nsitos estelares.<\/p><div class=\"uagb-ifb-button-wrapper wp-block-button\"><a href=\"https:\/\/juanllamosas.com\/demo2\/consultas#procesos\" class=\"uagb-infobox-cta-link wp-block-button__link\" target=\"_self\" rel=\"noopener noreferrer\" onclick=\"return true;\"><span class=\"uagb-inline-editing\">Adquirir<\/span><\/a><\/div><\/div><\/div>\n<\/div>\n\n\n\n<div class=\"wp-block-uagb-container uagb-block-7d7d4dfe\">\n<figure class=\"wp-block-image size-full has-custom-border\"><img loading=\"lazy\" decoding=\"async\" width=\"600\" height=\"400\" src=\"https:\/\/juanllamosas.com\/demo2\/wp-content\/uploads\/2025\/05\/curso1.jpg\" alt=\"\" class=\"wp-image-2328\" style=\"border-radius:6px\" srcset=\"https:\/\/juanllamosas.com\/demo2\/wp-content\/uploads\/2025\/05\/curso1.jpg 600w, https:\/\/juanllamosas.com\/demo2\/wp-content\/uploads\/2025\/05\/curso1-360x240.jpg 360w, https:\/\/juanllamosas.com\/demo2\/wp-content\/uploads\/2025\/05\/curso1-420x280.jpg 420w\" sizes=\"auto, (max-width: 600px) 100vw, 600px\" \/><\/figure>\n\n\n\n<div class=\"wp-block-uagb-info-box uagb-block-e4b55730 uagb-infobox__content-wrap  uagb-infobox-icon-above-title uagb-infobox-image-valign-top\"><div class=\"uagb-ifb-content\"><div class=\"uagb-ifb-title-wrap\"><h2 class=\"uagb-ifb-title\">Astrolog\u00eda Mitol\u00f3gica &#8211; Nivel B\u00e1sico<\/h2><\/div><p class=\"uagb-ifb-desc\">Un acercamiento al mensaje de las estrellas seg\u00fan los tr\u00e1nsitos estelares.<\/p><div class=\"uagb-ifb-button-wrapper wp-block-button\"><a href=\"https:\/\/juanllamosas.com\/demo2\/consultas#procesos\" class=\"uagb-infobox-cta-link wp-block-button__link\" target=\"_self\" rel=\"noopener noreferrer\" onclick=\"return true;\"><span class=\"uagb-inline-editing\">Adquirir<\/span><\/a><\/div><\/div><\/div>\n<\/div>\n<\/div><\/div>\n<\/div><\/div>\n","protected":false},"excerpt":{"rendered":"","protected":false},"author":5,"featured_media":0,"parent":0,"menu_order":0,"comment_status":"closed","ping_status":"closed","template":"","meta":{"_uag_custom_page_level_css":".cky-consent-container {display:none !important}\n\n","site-sidebar-layout":"default","site-content-layout":"","ast-site-content-layout":"default","site-content-style":"default","site-sidebar-style":"default","ast-global-header-display":"","ast-banner-title-visibility":"","ast-main-header-display":"","ast-hfb-above-header-display":"","ast-hfb-below-header-display":"","ast-hfb-mobile-header-display":"","site-post-title":"disabled","ast-breadcrumbs-content":"","ast-featured-img":"","footer-sml-layout":"","ast-disable-related-posts":"","theme-transparent-header-meta":"","adv-header-id-meta":"","stick-header-meta":"","header-above-stick-meta":"","header-main-stick-meta":"","header-below-stick-meta":"","astra-migrate-meta-layouts":"set","ast-page-background-enabled":"default","ast-page-background-meta":{"desktop":{"background-color":"var(--ast-global-color-4)","background-image":"","background-repeat":"repeat","background-position":"center center","background-size":"auto","background-attachment":"scroll","background-type":"","background-media":"","overlay-type":"","overlay-color":"","overlay-opacity":"","overlay-gradient":""},"tablet":{"background-color":"","background-image":"","background-repeat":"repeat","background-position":"center center","background-size":"auto","background-attachment":"scroll","background-type":"","background-media":"","overlay-type":"","overlay-color":"","overlay-opacity":"","overlay-gradient":""},"mobile":{"background-color":"","background-image":"","background-repeat":"repeat","background-position":"center center","background-size":"auto","background-attachment":"scroll","background-type":"","background-media":"","overlay-type":"","overlay-color":"","overlay-opacity":"","overlay-gradient":""}},"ast-content-background-meta":{"desktop":{"background-color":"var(--ast-global-color-5)","background-image":"","background-repeat":"repeat","background-position":"center center","background-size":"auto","background-attachment":"scroll","background-type":"","background-media":"","overlay-type":"","overlay-color":"","overlay-opacity":"","overlay-gradient":""},"tablet":{"background-color":"var(--ast-global-color-5)","background-image":"","background-repeat":"repeat","background-position":"center center","background-size":"auto","background-attachment":"scroll","background-type":"","background-media":"","overlay-type":"","overlay-color":"","overlay-opacity":"","overlay-gradient":""},"mobile":{"background-color":"var(--ast-global-color-5)","background-image":"","background-repeat":"repeat","background-position":"center center","background-size":"auto","background-attachment":"scroll","background-type":"","background-media":"","overlay-type":"","overlay-color":"","overlay-opacity":"","overlay-gradient":""}},"footnotes":""},"class_list":["post-2222","page","type-page","status-publish","hentry"],"uagb_featured_image_src":{"full":false,"thumbnail":false,"medium":false,"medium_large":false,"large":false,"1536x1536":false,"2048x2048":false},"uagb_author_info":{"display_name":"Admin","author_link":"https:\/\/juanllamosas.com\/demo2\/author\/sadmin\/"},"uagb_comment_info":0,"uagb_excerpt":null,"_links":{"self":[{"href":"https:\/\/juanllamosas.com\/demo2\/wp-json\/wp\/v2\/pages\/2222","targetHints":{"allow":["GET"]}}],"collection":[{"href":"https:\/\/juanllamosas.com\/demo2\/wp-json\/wp\/v2\/pages"}],"about":[{"href":"https:\/\/juanllamosas.com\/demo2\/wp-json\/wp\/v2\/types\/page"}],"author":[{"embeddable":true,"href":"https:\/\/juanllamosas.com\/demo2\/wp-json\/wp\/v2\/users\/5"}],"replies":[{"embeddable":true,"href":"https:\/\/juanllamosas.com\/demo2\/wp-json\/wp\/v2\/comments?post=2222"}],"version-history":[{"count":6,"href":"https:\/\/juanllamosas.com\/demo2\/wp-json\/wp\/v2\/pages\/2222\/revisions"}],"predecessor-version":[{"id":2688,"href":"https:\/\/juanllamosas.com\/demo2\/wp-json\/wp\/v2\/pages\/2222\/revisions\/2688"}],"wp:attachment":[{"href":"https:\/\/juanllamosas.com\/demo2\/wp-json\/wp\/v2\/media?parent=2222"}],"curies":[{"name":"wp","href":"https:\/\/api.w.org\/{rel}","templated":true}]}}