{"id":2449,"date":"2025-05-11T17:44:55","date_gmt":"2025-05-11T20:44:55","guid":{"rendered":"https:\/\/juanllamosas.com\/demo2\/?page_id=2449"},"modified":"2025-07-29T17:32:18","modified_gmt":"2025-07-29T20:32:18","slug":"libro","status":"publish","type":"page","link":"https:\/\/juanllamosas.com\/demo2\/libro\/","title":{"rendered":"Libro"},"content":{"rendered":"\n<div class=\"wp-block-uagb-container uagb-block-c5cceaf8 alignfull uagb-is-root-container\"><div class=\"uagb-container-inner-blocks-wrap\">\n<div class=\"wp-block-uagb-container uagb-block-d6395ec8 alignfull uagb-is-root-container\"><div class=\"uagb-container-inner-blocks-wrap\">\n<div class=\"wp-block-uagb-container uagb-block-91d380d7\">\n<div class=\"wp-block-uagb-image uagb-block-2eec1f68 wp-block-uagb-image--layout-default wp-block-uagb-image--effect-static wp-block-uagb-image--align-none\"><figure class=\"wp-block-uagb-image__figure\"><img decoding=\"async\" srcset=\"https:\/\/juanllamosas.com\/demo2\/wp-content\/uploads\/2025\/07\/libro-margarita-llada.png ,https:\/\/juanllamosas.com\/demo2\/wp-content\/uploads\/2025\/07\/libro-margarita-llada.png 780w, https:\/\/juanllamosas.com\/demo2\/wp-content\/uploads\/2025\/07\/libro-margarita-llada.png 360w\" sizes=\"auto, (max-width: 480px) 150px\" src=\"https:\/\/juanllamosas.com\/demo2\/wp-content\/uploads\/2025\/07\/libro-margarita-llada.png\" alt=\"\" class=\"uag-image-2788\" width=\"500\" height=\"778\" title=\"libro-margarita-llada\" loading=\"lazy\" role=\"img\"\/><\/figure><\/div>\n<\/div>\n\n\n\n<div class=\"wp-block-uagb-container uagb-block-a057ba3a\">\n<div class=\"wp-block-uagb-info-box uagb-block-c6885c9e uagb-infobox__content-wrap  uagb-infobox-icon-above-title uagb-infobox-image-valign-top\"><div class=\"uagb-ifb-content\"><div class=\"uagb-ifb-title-wrap\"><h3 class=\"uagb-ifb-title\">El poder creador de la conciencia<\/h3><\/div><div class=\"uagb-ifb-separator\"><\/div><p class=\"uagb-ifb-desc\">Una teor\u00eda integradora de la evoluci\u00f3n humana.<\/p><\/div><\/div>\n\n\n\n<p class=\"has-text-align-center\"><mark style=\"background-color:rgba(0, 0, 0, 0)\" class=\"has-inline-color has-ast-global-color-7-color\">Una obra in\u00e9dita, narrada en estilo hipertexto, para las nuevas generaciones que revela c\u00f3mo las fuerzas subjetivas de la conciencia crean las realidades humanas y planetarias. \u00a9 Margarita Llada<\/mark><\/p>\n<\/div>\n<\/div><\/div>\n<\/div><\/div>\n\n\n\n<div class=\"wp-block-uagb-container uagb-block-23643c91 alignfull uagb-is-root-container\"><div class=\"uagb-container-inner-blocks-wrap\">\n<div class=\"wp-block-uagb-info-box uagb-block-03257420 uagb-infobox__content-wrap  uagb-infobox-icon-above-title uagb-infobox-image-valign-top\"><div class=\"uagb-ifb-content\"><div class=\"uagb-ifb-title-wrap\"><h2 class=\"uagb-ifb-title\">\u00bfPor qu\u00e9 el t\u00edtulo de esta obra?<\/h2><\/div><\/div><\/div>\n\n\n\n<p>Elegir el t\u00edtulo de una obra no es tarea sencilla y mucho menos cuando se tratan temas que resuenan en diversos \u00e1mbitos con distintas acepciones. A pesar de ello, se arriba a una instancia donde uno tiene convicci\u00f3n respecto de que ese es el \u00fanico t\u00edtulo posible, o al menos, esto es lo que me ha sucedido.<\/p>\n\n\n\n<p>Mi elecci\u00f3n termin\u00f3 siendo una convicci\u00f3n. Ning\u00fan otro factor incidi\u00f3 en su nombre. S\u00e9 que actualmente, y m\u00e1s en aquellas obras que emergen desde los estad\u00edos de conciencia egoc\u00e9ntrica, los t\u00edtulos suelen elegirse por razones de marketing \u2013o venta- o conveniencia hist\u00f3rica o cultural u otras motivaciones.&nbsp;<\/p>\n\n\n\n<p>La obra podr\u00eda haberse llamado \u201cLas fuerzas creadoras de la conciencia\u201d o \u201cla conciencia creadora\u201d, sin embargo, asum\u00ed el riesgo de incluir laS tres ideas centrales en las cuales se sustenta \u201cla teor\u00eda integradora de la evoluci\u00f3n humana\u201d que presento:&nbsp;<strong>Poder + Creador + Conciencia.&nbsp;<\/strong><\/p>\n\n\n\n<p>Qu\u00e9 es&nbsp;<strong>el poder<\/strong>&nbsp;lo expl\u00edcito en la obra, muy sucintamente: la fuerza que aplicada en una direcci\u00f3n es capaz de alcanzar un prop\u00f3sito.<strong><\/strong><\/p>\n\n\n\n<p>Por qu\u00e9&nbsp;creador, de manera sencilla, debido a que toda Vida y objetos conocidos en el planeta han sido creados por la conciencia. Desde una piedra hasta el complejo sistema humano, o desde prender el fuego por fricci\u00f3n hasta los incre\u00edbles avances tecnol\u00f3gicos o desde el primer sonido a los complejos sistemas ling\u00fc\u00edsticos y jur\u00eddicos de nuestro tiempo. Esto se revela en el entramado de la obra.&nbsp;<\/p>\n\n\n\n<p>Y finalmente,&nbsp;<strong>Conciencia<\/strong><strong>&nbsp;<\/strong>por qu\u00e9 remont\u00e1ndome a antiguos conocimientos no encontr\u00e9 mejor denominaci\u00f3n para representar a esas fuerzas inteligentes que transforman la energ\u00eda en todas las realidades existentes. Sab\u00eda que el tema presentar\u00eda dificultades dado que el vocablo conciencia ha tomado diversos significantes, lo cual me ocupo de tratar en la obra.&nbsp;<\/p>\n\n\n\n<div class=\"wp-block-uagb-container uagb-block-69961f6e alignfull uagb-is-root-container\"><div class=\"uagb-container-inner-blocks-wrap\">\n<div class=\"wp-block-uagb-container uagb-block-c6e5a95f alignfull uagb-is-root-container\"><div class=\"uagb-container-inner-blocks-wrap\">\n<div class=\"wp-block-uagb-container uagb-block-e3e9b4f2\">\n<\/div>\n<\/div><\/div>\n<\/div><\/div>\n\n\n\n<div class=\"wp-block-uagb-info-box uagb-block-cbe8753f uagb-infobox__content-wrap  uagb-infobox-icon-above-title uagb-infobox-image-valign-top\"><div class=\"uagb-ifb-content\"><div class=\"uagb-ifb-title-wrap\"><h2 class=\"uagb-ifb-title\">Algo m\u00e1s sobre la obra<\/h2><\/div><\/div><\/div>\n\n\n\n<p>Se trata de una obra in\u00e9dita, narrada en estilo hipertexto, para revelar a las nuevas generaciones c\u00f3mo las fuerzas subjetivas de la conciencia crean las realidades humanas y planetarias.<\/p>\n\n\n\n<p>El despliegue de El Poder Creador de la Conciencia se realiza en cuatro secciones, cuya lectura y comprensi\u00f3n nos arroja a ampliar, profundizar, integrar y sintetizar un nuevo entendimiento sobre la evoluci\u00f3n humana tejido desde la perspectiva de \u00abuna teor\u00eda integradora\u00bb que presupone la existencia de una entidad subjetiva y aut\u00f3noma (la conciencia).<\/p>\n\n\n\n<p>El Poder Creador de la Conciencia teoriza sobre un nuevo objeto de estudio: la conciencia; desovilla el enigm\u00e1tico proceso evolutivo; integra las potencialidades humanas, el conocimiento cient\u00edfico, los procesos de la conciencia y milenarias filosof\u00edas; desarrolla y explora las posibilidades de \u201cuna teor\u00eda integradora de la evoluci\u00f3n humana\u201d.<\/p>\n\n\n\n<p>Una obra que revela las fuerzas subjetivas que moldean las m\u00faltiples realidades; trasciende aparentes contradicciones; integra situaciones paradojales; descubre \u201cc\u00f3mo creamos lo que creamos\u201d.<br>Dirigida a quienes buscan una visi\u00f3n integradora de las potencialidades humanas. Una ocasi\u00f3n para re-crear la filosof\u00eda, la pol\u00edtica, la econom\u00eda, la sociolog\u00eda, la psicolog\u00eda, la educaci\u00f3n, la medicina, en suma, el conocimiento humano.<\/p>\n<\/div><\/div>\n\n\n\n<div class=\"wp-block-uagb-container uagb-block-ef9e23a9 alignfull uagb-is-root-container\"><div class=\"uagb-container-inner-blocks-wrap\">\n<div class=\"wp-block-uagb-info-box uagb-block-141037a8 uagb-infobox__content-wrap  uagb-infobox-icon-above-title uagb-infobox-image-valign-top\"><div class=\"uagb-ifb-content\"><div class=\"uagb-ifb-title-wrap\"><h2 class=\"uagb-ifb-title\">Acceso a videos sobre la Conciencia<\/h2><\/div><\/div><\/div>\n\n\n\n<div class=\"wp-block-uagb-icon-list uagb-block-c7622b21\"><div class=\"uagb-icon-list__wrap\">\n<div class=\"wp-block-uagb-icon-list-child uagb-block-6ef2c241\"><a target=\"_blank\" aria-label=\"Paradigma de la Conciencia (*)\u00a0\" rel=\"noopener noreferrer\" href=\"https:\/\/youtu.be\/W84NmQU5ZLI\"> <\/a><span class=\"uagb-icon-list__source-wrap\"><svg xmlns=\"https:\/\/www.w3.org\/2000\/svg\" viewBox=\"0 0 576 512\"><path d=\"M549.7 124.1c-6.281-23.65-24.79-42.28-48.28-48.6C458.8 64 288 64 288 64S117.2 64 74.63 75.49c-23.5 6.322-42 24.95-48.28 48.6-11.41 42.87-11.41 132.3-11.41 132.3s0 89.44 11.41 132.3c6.281 23.65 24.79 41.5 48.28 47.82C117.2 448 288 448 288 448s170.8 0 213.4-11.49c23.5-6.321 42-24.17 48.28-47.82 11.41-42.87 11.41-132.3 11.41-132.3s0-89.44-11.41-132.3zm-317.5 213.5V175.2l142.7 81.21-142.7 81.2z\"><\/path><\/svg><\/span><span class=\"uagb-icon-list__label\">Paradigma de la Conciencia (*)\u00a0<\/span><\/div>\n\n\n\n<div class=\"wp-block-uagb-icon-list-child uagb-block-77f0ad81\"><a target=\"_self\" aria-label=\"Conciencia Tribal (*)\u00a0\" rel=\"noopener noreferrer\" href=\"https:\/\/youtu.be\/5PSHlMupnpA\"> <\/a><span class=\"uagb-icon-list__source-wrap\"><svg xmlns=\"https:\/\/www.w3.org\/2000\/svg\" viewBox=\"0 0 576 512\"><path d=\"M549.7 124.1c-6.281-23.65-24.79-42.28-48.28-48.6C458.8 64 288 64 288 64S117.2 64 74.63 75.49c-23.5 6.322-42 24.95-48.28 48.6-11.41 42.87-11.41 132.3-11.41 132.3s0 89.44 11.41 132.3c6.281 23.65 24.79 41.5 48.28 47.82C117.2 448 288 448 288 448s170.8 0 213.4-11.49c23.5-6.321 42-24.17 48.28-47.82 11.41-42.87 11.41-132.3 11.41-132.3s0-89.44-11.41-132.3zm-317.5 213.5V175.2l142.7 81.21-142.7 81.2z\"><\/path><\/svg><\/span><span class=\"uagb-icon-list__label\">Conciencia Tribal (*)\u00a0<\/span><\/div>\n\n\n\n<div class=\"wp-block-uagb-icon-list-child uagb-block-24f96457\"><a target=\"_blank\" aria-label=\"Conciencia Dioses de Poder (*)\u00a0\" rel=\"noopener noreferrer\" href=\"https:\/\/youtu.be\/8gqlKUF-xqg\"> <\/a><span class=\"uagb-icon-list__source-wrap\"><svg xmlns=\"https:\/\/www.w3.org\/2000\/svg\" viewBox=\"0 0 576 512\"><path d=\"M549.7 124.1c-6.281-23.65-24.79-42.28-48.28-48.6C458.8 64 288 64 288 64S117.2 64 74.63 75.49c-23.5 6.322-42 24.95-48.28 48.6-11.41 42.87-11.41 132.3-11.41 132.3s0 89.44 11.41 132.3c6.281 23.65 24.79 41.5 48.28 47.82C117.2 448 288 448 288 448s170.8 0 213.4-11.49c23.5-6.321 42-24.17 48.28-47.82 11.41-42.87 11.41-132.3 11.41-132.3s0-89.44-11.41-132.3zm-317.5 213.5V175.2l142.7 81.21-142.7 81.2z\"><\/path><\/svg><\/span><span class=\"uagb-icon-list__label\">Conciencia Dioses de Poder (*)\u00a0<\/span><\/div>\n\n\n\n<div class=\"wp-block-uagb-icon-list-child uagb-block-c7b5779d\"><a target=\"_blank\" aria-label=\"Conciencia Egoc\u00e9ntrica (*)\u00a0\" rel=\"noopener noreferrer\" href=\"https:\/\/youtu.be\/iHOT879acAU\"> <\/a><span class=\"uagb-icon-list__source-wrap\"><svg xmlns=\"https:\/\/www.w3.org\/2000\/svg\" viewBox=\"0 0 576 512\"><path d=\"M549.7 124.1c-6.281-23.65-24.79-42.28-48.28-48.6C458.8 64 288 64 288 64S117.2 64 74.63 75.49c-23.5 6.322-42 24.95-48.28 48.6-11.41 42.87-11.41 132.3-11.41 132.3s0 89.44 11.41 132.3c6.281 23.65 24.79 41.5 48.28 47.82C117.2 448 288 448 288 448s170.8 0 213.4-11.49c23.5-6.321 42-24.17 48.28-47.82 11.41-42.87 11.41-132.3 11.41-132.3s0-89.44-11.41-132.3zm-317.5 213.5V175.2l142.7 81.21-142.7 81.2z\"><\/path><\/svg><\/span><span class=\"uagb-icon-list__label\">Conciencia Egoc\u00e9ntrica (*)\u00a0<\/span><\/div>\n\n\n\n<div class=\"wp-block-uagb-icon-list-child uagb-block-3c2e7388\"><a target=\"_blank\" aria-label=\"Conciencia Sensible\" rel=\"noopener noreferrer\" href=\"https:\/\/youtu.be\/4WP34u8sWbk\"> <\/a><span class=\"uagb-icon-list__source-wrap\"><svg xmlns=\"https:\/\/www.w3.org\/2000\/svg\" viewBox=\"0 0 576 512\"><path d=\"M549.7 124.1c-6.281-23.65-24.79-42.28-48.28-48.6C458.8 64 288 64 288 64S117.2 64 74.63 75.49c-23.5 6.322-42 24.95-48.28 48.6-11.41 42.87-11.41 132.3-11.41 132.3s0 89.44 11.41 132.3c6.281 23.65 24.79 41.5 48.28 47.82C117.2 448 288 448 288 448s170.8 0 213.4-11.49c23.5-6.321 42-24.17 48.28-47.82 11.41-42.87 11.41-132.3 11.41-132.3s0-89.44-11.41-132.3zm-317.5 213.5V175.2l142.7 81.21-142.7 81.2z\"><\/path><\/svg><\/span><span class=\"uagb-icon-list__label\">Conciencia Sensible<\/span><\/div>\n\n\n\n<div class=\"wp-block-uagb-icon-list-child uagb-block-4aa0c4ad\"><a target=\"_blank\" aria-label=\"Conciencia Integradora\" rel=\"noopener noreferrer\" href=\"https:\/\/youtu.be\/5_3aWVsdY-E\"> <\/a><span class=\"uagb-icon-list__source-wrap\"><svg xmlns=\"https:\/\/www.w3.org\/2000\/svg\" viewBox=\"0 0 576 512\"><path d=\"M549.7 124.1c-6.281-23.65-24.79-42.28-48.28-48.6C458.8 64 288 64 288 64S117.2 64 74.63 75.49c-23.5 6.322-42 24.95-48.28 48.6-11.41 42.87-11.41 132.3-11.41 132.3s0 89.44 11.41 132.3c6.281 23.65 24.79 41.5 48.28 47.82C117.2 448 288 448 288 448s170.8 0 213.4-11.49c23.5-6.321 42-24.17 48.28-47.82 11.41-42.87 11.41-132.3 11.41-132.3s0-89.44-11.41-132.3zm-317.5 213.5V175.2l142.7 81.21-142.7 81.2z\"><\/path><\/svg><\/span><span class=\"uagb-icon-list__label\">Conciencia Integradora<\/span><\/div>\n\n\n\n<div class=\"wp-block-uagb-icon-list-child uagb-block-142b4aa3\"><a target=\"_blank\" aria-label=\"El Colapso de la Matrix (para comprender c\u00f3mo se construye la realidad percibida)\" rel=\"noopener noreferrer\" href=\"https:\/\/youtu.be\/X4-DN6Vvfk4\"> <\/a><span class=\"uagb-icon-list__source-wrap\"><svg xmlns=\"https:\/\/www.w3.org\/2000\/svg\" viewBox=\"0 0 576 512\"><path d=\"M549.7 124.1c-6.281-23.65-24.79-42.28-48.28-48.6C458.8 64 288 64 288 64S117.2 64 74.63 75.49c-23.5 6.322-42 24.95-48.28 48.6-11.41 42.87-11.41 132.3-11.41 132.3s0 89.44 11.41 132.3c6.281 23.65 24.79 41.5 48.28 47.82C117.2 448 288 448 288 448s170.8 0 213.4-11.49c23.5-6.321 42-24.17 48.28-47.82 11.41-42.87 11.41-132.3 11.41-132.3s0-89.44-11.41-132.3zm-317.5 213.5V175.2l142.7 81.21-142.7 81.2z\"><\/path><\/svg><\/span><span class=\"uagb-icon-list__label\">El Colapso de la Matrix (para comprender c\u00f3mo se construye la realidad percibida)<\/span><\/div>\n<\/div><\/div>\n<\/div><\/div>\n\n\n\n<div class=\"wp-block-uagb-container uagb-block-98b68fa3 alignfull uagb-is-root-container\"><div class=\"uagb-container-inner-blocks-wrap\">\n<div class=\"wp-block-uagb-container uagb-block-32f489fb alignfull uagb-is-root-container\"><div class=\"uagb-container-inner-blocks-wrap\">\n<div class=\"wp-block-uagb-container uagb-block-e301b8b3\"><\/div>\n\n\n\n<div class=\"wp-block-uagb-container uagb-block-40daf96e\">\n<div class=\"wp-block-uagb-info-box uagb-block-f362fdae uagb-infobox__content-wrap  uagb-infobox-icon-above-title uagb-infobox-image-valign-top\"><div class=\"uagb-ifb-content\"><div class=\"uagb-ifb-title-wrap\"><h4 class=\"uagb-ifb-title\">\u00bfD\u00f3nde puedo adquirir el libro?<\/h4><\/div><p class=\"uagb-ifb-desc\">Actualmente, para adquirir el libro, pod\u00e9s hacerlo por <a href=\"https:\/\/www.mercadolibre.com.ar\/el-poder-creador-de-la-conciencia-una-teoria-integradora\/up\/MLAU297623657\" target=\"_blank\" rel=\"noreferrer noopener nofollow\"><strong><mark style=\"background-color:rgba(0, 0, 0, 0)\" class=\"has-inline-color has-ast-global-color-2-color\">Mercado Libre<\/mark><\/strong><\/a>. O bien contactarme.<\/p><div class=\"uagb-ifb-button-wrapper wp-block-button\"><a href=\"https:\/\/api.whatsapp.com\/send?phone=5491151116836&amp;text=Me%20contacto%20por%20tu%20libro.%20Mi%20nombre%20es%20...\" class=\"uagb-infobox-cta-link wp-block-button__link\" target=\"_blank\" rel=\"noopener noreferrer\" onclick=\"return true;\"><svg xmlns=\"https:\/\/www.w3.org\/2000\/svg\" viewBox=\"0 0 448 512\"><path d=\"M380.9 97.1C339 55.1 283.2 32 223.9 32c-122.4 0-222 99.6-222 222 0 39.1 10.2 77.3 29.6 111L0 480l117.7-30.9c32.4 17.7 68.9 27 106.1 27h.1c122.3 0 224.1-99.6 224.1-222 0-59.3-25.2-115-67.1-157zm-157 341.6c-33.2 0-65.7-8.9-94-25.7l-6.7-4-69.8 18.3L72 359.2l-4.4-7c-18.5-29.4-28.2-63.3-28.2-98.2 0-101.7 82.8-184.5 184.6-184.5 49.3 0 95.6 19.2 130.4 54.1 34.8 34.9 56.2 81.2 56.1 130.5 0 101.8-84.9 184.6-186.6 184.6zm101.2-138.2c-5.5-2.8-32.8-16.2-37.9-18-5.1-1.9-8.8-2.8-12.5 2.8-3.7 5.6-14.3 18-17.6 21.8-3.2 3.7-6.5 4.2-12 1.4-32.6-16.3-54-29.1-75.5-66-5.7-9.8 5.7-9.1 16.3-30.3 1.8-3.7 .9-6.9-.5-9.7-1.4-2.8-12.5-30.1-17.1-41.2-4.5-10.8-9.1-9.3-12.5-9.5-3.2-.2-6.9-.2-10.6-.2-3.7 0-9.7 1.4-14.8 6.9-5.1 5.6-19.4 19-19.4 46.3 0 27.3 19.9 53.7 22.6 57.4 2.8 3.7 39.1 59.7 94.8 83.8 35.2 15.2 49 16.5 66.6 13.9 10.7-1.6 32.8-13.4 37.4-26.4 4.6-13 4.6-24.1 3.2-26.4-1.3-2.5-5-3.9-10.5-6.6z\"><\/path><\/svg><span class=\"uagb-inline-editing\">+54 9 11 5111-6836<\/span><\/a><\/div><\/div><\/div>\n<\/div>\n<\/div><\/div>\n<\/div><\/div>\n","protected":false},"excerpt":{"rendered":"<p>Una obra in\u00e9dita, narrada en estilo hipertexto, para las nuevas generaciones que revela c\u00f3mo las fuerzas subjetivas de la conciencia crean las realidades humanas y planetarias. \u00a9 Margarita Llada Elegir el t\u00edtulo de una obra no es tarea sencilla y mucho menos cuando se tratan temas que resuenan en diversos \u00e1mbitos con distintas acepciones. A [&hellip;]<\/p>\n","protected":false},"author":5,"featured_media":0,"parent":0,"menu_order":0,"comment_status":"closed","ping_status":"closed","template":"","meta":{"_uag_custom_page_level_css":".cky-consent-container {display:none !important}\n\n","site-sidebar-layout":"default","site-content-layout":"","ast-site-content-layout":"default","site-content-style":"default","site-sidebar-style":"default","ast-global-header-display":"","ast-banner-title-visibility":"","ast-main-header-display":"","ast-hfb-above-header-display":"","ast-hfb-below-header-display":"","ast-hfb-mobile-header-display":"","site-post-title":"disabled","ast-breadcrumbs-content":"","ast-featured-img":"","footer-sml-layout":"","ast-disable-related-posts":"","theme-transparent-header-meta":"","adv-header-id-meta":"","stick-header-meta":"","header-above-stick-meta":"","header-main-stick-meta":"","header-below-stick-meta":"","astra-migrate-meta-layouts":"set","ast-page-background-enabled":"default","ast-page-background-meta":{"desktop":{"background-color":"var(--ast-global-color-4)","background-image":"","background-repeat":"repeat","background-position":"center center","background-size":"auto","background-attachment":"scroll","background-type":"","background-media":"","overlay-type":"","overlay-color":"","overlay-opacity":"","overlay-gradient":""},"tablet":{"background-color":"","background-image":"","background-repeat":"repeat","background-position":"center center","background-size":"auto","background-attachment":"scroll","background-type":"","background-media":"","overlay-type":"","overlay-color":"","overlay-opacity":"","overlay-gradient":""},"mobile":{"background-color":"","background-image":"","background-repeat":"repeat","background-position":"center center","background-size":"auto","background-attachment":"scroll","background-type":"","background-media":"","overlay-type":"","overlay-color":"","overlay-opacity":"","overlay-gradient":""}},"ast-content-background-meta":{"desktop":{"background-color":"var(--ast-global-color-5)","background-image":"","background-repeat":"repeat","background-position":"center center","background-size":"auto","background-attachment":"scroll","background-type":"","background-media":"","overlay-type":"","overlay-color":"","overlay-opacity":"","overlay-gradient":""},"tablet":{"background-color":"var(--ast-global-color-5)","background-image":"","background-repeat":"repeat","background-position":"center center","background-size":"auto","background-attachment":"scroll","background-type":"","background-media":"","overlay-type":"","overlay-color":"","overlay-opacity":"","overlay-gradient":""},"mobile":{"background-color":"var(--ast-global-color-5)","background-image":"","background-repeat":"repeat","background-position":"center center","background-size":"auto","background-attachment":"scroll","background-type":"","background-media":"","overlay-type":"","overlay-color":"","overlay-opacity":"","overlay-gradient":""}},"footnotes":""},"class_list":["post-2449","page","type-page","status-publish","hentry"],"uagb_featured_image_src":{"full":false,"thumbnail":false,"medium":false,"medium_large":false,"large":false,"1536x1536":false,"2048x2048":false},"uagb_author_info":{"display_name":"Admin","author_link":"https:\/\/juanllamosas.com\/demo2\/author\/sadmin\/"},"uagb_comment_info":0,"uagb_excerpt":"Una obra in\u00e9dita, narrada en estilo hipertexto, para las nuevas generaciones que revela c\u00f3mo las fuerzas subjetivas de la conciencia crean las realidades humanas y planetarias. \u00a9 Margarita Llada Elegir el t\u00edtulo de una obra no es tarea sencilla y mucho menos cuando se tratan temas que resuenan en diversos \u00e1mbitos con distintas acepciones. A&hellip;","_links":{"self":[{"href":"https:\/\/juanllamosas.com\/demo2\/wp-json\/wp\/v2\/pages\/2449","targetHints":{"allow":["GET"]}}],"collection":[{"href":"https:\/\/juanllamosas.com\/demo2\/wp-json\/wp\/v2\/pages"}],"about":[{"href":"https:\/\/juanllamosas.com\/demo2\/wp-json\/wp\/v2\/types\/page"}],"author":[{"embeddable":true,"href":"https:\/\/juanllamosas.com\/demo2\/wp-json\/wp\/v2\/users\/5"}],"replies":[{"embeddable":true,"href":"https:\/\/juanllamosas.com\/demo2\/wp-json\/wp\/v2\/comments?post=2449"}],"version-history":[{"count":60,"href":"https:\/\/juanllamosas.com\/demo2\/wp-json\/wp\/v2\/pages\/2449\/revisions"}],"predecessor-version":[{"id":2791,"href":"https:\/\/juanllamosas.com\/demo2\/wp-json\/wp\/v2\/pages\/2449\/revisions\/2791"}],"wp:attachment":[{"href":"https:\/\/juanllamosas.com\/demo2\/wp-json\/wp\/v2\/media?parent=2449"}],"curies":[{"name":"wp","href":"https:\/\/api.w.org\/{rel}","templated":true}]}}